{"id":443,"date":"2017-06-15T14:54:18","date_gmt":"2017-06-15T12:54:18","guid":{"rendered":"http:\/\/www.tsnnegrar.it\/?page_id=443"},"modified":"2024-12-04T23:46:57","modified_gmt":"2024-12-04T22:46:57","slug":"informativa-sulla-privacy","status":"publish","type":"page","link":"https:\/\/www.tsnnegrar.it\/index.php\/informativa-sulla-privacy\/","title":{"rendered":"INFORMATIVA sulla PRIVACY"},"content":{"rendered":"\n<p class=\"wp-block-paragraph\"><strong>Soggetti Interessati: <em>Navigatori del portale www.tsnnegrar.it<\/em><\/strong><\/p>\n\n\n\n<p class=\"wp-block-paragraph\"><strong>Tiro a Segno Nazionale Sezione di Negrar A.S.D.<\/strong> nella qualit\u00e0 di Titolare del trattamento dei Suoi dati personali, ai sensi e per gli effetti del Regolamento UE 679-2016 di seguito &#8216;GDPR&#8217;, con la presente La informa che la citata normativa prevede la tutela degli interessati rispetto al trattamento dei dati personali e che tale trattamento sar\u00e0 improntato ai principi di correttezza, liceit\u00e0, trasparenza e di tutela della Sua riservatezza e dei Suoi diritti.<\/p>\n\n\n\n<p class=\"wp-block-paragraph\">I Suoi dati personali verranno trattati in accordo alle disposizioni legislative della normativa sopra richiamata e degli obblighi di riservatezza ivi previsti.<\/p>\n\n\n\n<p class=\"wp-block-paragraph\"><strong>Finalit\u00e0 e base giuridica del trattamento<\/strong>: in particolare i Suoi dati saranno utilizzati per le seguenti finalit\u00e0 relative all\u2019esecuzione di misure connesse ad obblighi contrattuali o pre-contrattuali:<\/p>\n\n\n\n<ul class=\"wp-block-list\">\n<li>gestione dei cookie necessari per il portale (i cookie tecnici sono indispensabili per il corretto funzionamento del sito e vengono utilizzati al solo scopo di gestire diversi servizi legati al sito stesso, come ad esempio un login).<\/li>\n<\/ul>\n\n\n\n<p class=\"wp-block-paragraph\"><strong>Modalit\u00e0 del trattamento.<\/strong> I suoi dati personali potranno essere trattati nei seguenti modi:<\/p>\n\n\n\n<ul class=\"wp-block-list\">\n<li>a mezzo calcolatori elettronici con utilizzo di sistemi software gestiti da Terzi;<\/li>\n\n\n\n<li>a mezzo calcolatori elettronici con utilizzo di sistemi software gestiti o programmati direttamente.<\/li>\n<\/ul>\n\n\n\n<p class=\"wp-block-paragraph\">Ogni trattamento avviene nel rispetto delle modalit\u00e0 di cui agli artt. 6, 32 del GDPR e mediante l&#8217;adozione delle adeguate misure di sicurezza previste.<\/p>\n\n\n\n<p class=\"wp-block-paragraph\">I suoi dati saranno trattati unicamente da personale espressamente autorizzato dal Titolare ed, in particolare, dalle seguenti categorie di personale autorizzato:<\/p>\n\n\n\n<ul class=\"wp-block-list\">\n<li>operatori interni alla gestione del portale web.<\/li>\n<\/ul>\n\n\n\n<p class=\"wp-block-paragraph\"><strong>Comunicazione:<\/strong> i suoi dati potranno essere comunicati a soggetti esterni per una corretta gestione del rapporto ed in particolare alle seguenti categorie di Destinatari tra cui tutti i Responsabili del Trattamento debitamente nominati:<\/p>\n\n\n\n<ul class=\"wp-block-list\">\n<li>provider di servizi web per la gestione e il mantenimento della piattaforma.<\/li>\n<\/ul>\n\n\n\n<p class=\"wp-block-paragraph\"><strong>Diffusione:<\/strong> <em><u>I suoi dati personali non verranno diffusi in alcun modo.<\/u><\/em><\/p>\n\n\n\n<p class=\"wp-block-paragraph\"><strong>Periodo di Conservazione.<\/strong> Le segnaliamo che, nel rispetto dei principi di liceit\u00e0, limitazione delle finalit\u00e0 e minimizzazione dei dati, ai sensi dell\u2019art. 5 del GDPR, il periodo di conservazione dei Suoi dati personali \u00e8 per un tempo non superiore a quello necessario rispetto agli scopi per i quali \u00e8 stato effettuato il trattamento.<\/p>\n\n\n\n<p class=\"wp-block-paragraph\"><strong>Gestione dei cookie:<\/strong> nel caso in cui Lei abbia dubbi o preoccupazioni in merito all&#8217;utilizzo dei cookie Le \u00e8 sempre possibile intervenire per impedirne l&#8217;impostazione e la lettura, ad esempio modificando le impostazioni sulla privacy all&#8217;interno del Suo browser al fine di bloccarne determinati tipi.<\/p>\n\n\n\n<p class=\"wp-block-paragraph\">Poich\u00e9 ciascun browser, e spesso diverse versioni dello stesso browser, differiscono anche sensibilmente le une dalle altre, se preferisce agire autonomamente mediante le preferenze del Suo browser pu\u00f2 trovare informazioni dettagliate sulla procedura necessaria nella guida del Suo browser.<\/p>\n\n\n\n<p class=\"wp-block-paragraph\">Per una panoramica delle modalit\u00e0 di azione per i browser pi\u00f9 comuni, pu\u00f2 visitare l&#8217;indirizzo <a href=\"https:\/\/www.cookieyes.com\/it\/\">https:\/\/www.cookieyes.com\/it\/<\/a>.<\/p>\n\n\n\n<p class=\"wp-block-paragraph\">Le societ\u00e0 pubblicitarie consentono inoltre di rinunciare alla ricezione di annunci mirati, se lo si desidera. Ci\u00f2 non impedisce l&#8217;impostazione dei cookie, ma interrompe l&#8217;utilizzo e la raccolta di alcuni dati da parte di tali societ\u00e0.<\/p>\n\n\n\n<p class=\"wp-block-paragraph\">Per maggiori informazioni e possibilit\u00e0 di rinuncia, visitare l&#8217;indirizzo www.youronlinechoices.com\/it\/.<\/p>\n\n\n\n<p class=\"wp-block-paragraph\"><strong>Titolare:<\/strong> il Titolare del trattamento dei dati, ai sensi della Legge, \u00e8 Tiro a Segno Nazionale Sezione di Negrar A.S.D. (Via Osteria Nuova&nbsp; 7, 37024 Negrar di Valpolicella (Vr), C.F. 80024340236 contattabile ai seguenti recapiti e-mail\/Pec <a href=\"mailto:info@tsnnegrar.it\">info@tsnnegrar.it<\/a>, \/ <a href=\"mailto:info@pec.tsnnegrar.it\">info@pec.tsnnegrar.it<\/a>) nella persona del legale rappresentante.<\/p>\n\n\n\n<p class=\"wp-block-paragraph\">Lei ha diritto di ottenere dal titolare la cancellazione (diritto all&#8217;oblio), la limitazione, l&#8217;aggiornamento, la rettificazione, la portabilit\u00e0, l&#8217;opposizione al trattamento dei dati personali che La riguardano, nonch\u00e9 in generale pu\u00f2 esercitare tutti i diritti previsti dagli artt. 15, 16, 17, 18, 19, 20, 21, 22 del GDPR.<\/p>\n\n\n\n<p class=\"wp-block-paragraph\">Potr\u00e0 inoltre visionare in ogni momento la versione aggiornata della presente informativa collegandosi all&#8217;indirizzo internet <a href=\"https:\/\/www.privacylab.it\/informativa.php?20726449466\">https:\/\/www.privacylab.it\/informativa.php?20726449466<\/a>.<\/p>\n\n\n\n<p class=\"wp-block-paragraph\"><strong>Regolamento UE n. 679-2016: Artt. 15, 16, 17, 18, 19, 20, 21, 22 &#8211; Diritti dell&#8217;Interessato<\/strong><\/p>\n\n\n\n<p class=\"wp-block-paragraph\"><strong>1.<\/strong> L&#8217;interessato ha diritto di ottenere la conferma dell&#8217;esistenza o meno di dati personali che lo riguardano, anche se non ancora registrati, la loro comunicazione in forma intelligibile e la possibilit\u00e0 di effettuare reclamo presso l\u2019Autorit\u00e0 di controllo.<\/p>\n\n\n\n<p class=\"wp-block-paragraph\"><strong>2.<\/strong> L&#8217;interessato ha diritto di ottenere l&#8217;indicazione:<\/p>\n\n\n\n<ol style=\"list-style-type:lower-roman\" class=\"wp-block-list\">\n<li>dell&#8217;origine dei dati personali;<\/li>\n\n\n\n<li>delle finalit\u00e0 e modalit\u00e0 del trattamento;<\/li>\n\n\n\n<li>della logica applicata in caso di trattamento effettuato con l&#8217;ausilio di strumenti elettronici;<\/li>\n\n\n\n<li>degli estremi identificativi del titolare, dei responsabili e del rappresentante designato ai sensi dell&#8217;articolo 5, comma 2;<\/li>\n\n\n\n<li>dei soggetti o delle categorie di soggetti ai quali i dati personali possono essere comunicati o che possono venirne a conoscenza in qualit\u00e0 di rappresentante designato nel territorio dello Stato, di responsabili o incaricati.<\/li>\n<\/ol>\n\n\n\n<p class=\"wp-block-paragraph\"><strong>3.<\/strong> L&#8217;interessato ha diritto di ottenere:<\/p>\n\n\n\n<ol style=\"list-style-type:lower-roman\" class=\"wp-block-list\">\n<li>l&#8217;aggiornamento, la rettificazione ovvero, quando vi ha interesse, l&#8217;integrazione dei dati;<\/li>\n\n\n\n<li>la cancellazione, la trasformazione in forma anonima o il blocco dei dati trattati in violazione di legge, compresi quelli di cui non \u00e8 necessaria la conservazione in relazione agli scopi per i quali i dati sono stati raccolti o successivamente trattati;<\/li>\n\n\n\n<li>l&#8217;attestazione che le operazioni di cui alle lettere a) e b) sono state portate a conoscenza, anche per quanto riguarda il loro contenuto, di coloro ai quali i dati sono stati comunicati o diffusi, eccettuato il caso in cui tale adempimento si rivela impossibile o comporta un impiego di mezzi manifestamente sproporzionato rispetto al diritto tutelato;<\/li>\n\n\n\n<li>la portabilit\u00e0 dei dati.<\/li>\n<\/ol>\n\n\n\n<p class=\"wp-block-paragraph\"><strong>4.<\/strong> L&#8217;interessato ha diritto di opporsi, in tutto o in parte:<\/p>\n\n\n\n<ol style=\"list-style-type:lower-roman\" class=\"wp-block-list\">\n<li>per motivi legittimi al trattamento dei dati personali che lo riguardano, ancorch\u00e9 pertinenti allo scopo della raccolta;\n<ol class=\"wp-block-list\">\n<li>al trattamento di dati personali che lo riguardano a fini di invio di materiale pubblicitario o di vendita diretta o per il compimento di ricerche di mercato o di comunicazione commerciale.<\/li>\n<\/ol>\n<\/li>\n<\/ol>\n\n\n\n<p class=\"wp-block-paragraph\"><\/p>\n\n\n\n<ul class=\"wp-block-list\">\n<li><a href=\"https:\/\/www.tsnnegrar.it\/wp-content\/uploads\/2022\/11\/Regolamento-UITS-attuazione-UE-2016_679.pdf\">Regolamento UITS attuazione UE-2016_679<\/a> | PDF<\/li>\n\n\n\n<li><a href=\"https:\/\/www.tsnnegrar.it\/wp-content\/uploads\/2019\/03\/UITS-Informativa-Privacy-2018-12.pdf\">Informativa UITS <em>ex art. 13 GDPR<\/em> sul Trattamento dei Dati Personali<\/a> | PDF<\/li>\n<\/ul>\n","protected":false},"excerpt":{"rendered":"<p>Soggetti Interessati: Navigatori del portale www.tsnnegrar.it Tiro a Segno Nazionale Sezione di Negrar A.S.D. nella qualit\u00e0 di Titolare del trattamento dei \u2026<\/p>\n","protected":false},"author":1,"featured_media":0,"parent":0,"menu_order":0,"comment_status":"closed","ping_status":"closed","template":"","meta":{"footnotes":""},"class_list":["post-443","page","type-page","status-publish","hentry"],"_links":{"self":[{"href":"https:\/\/www.tsnnegrar.it\/index.php\/wp-json\/wp\/v2\/pages\/443","targetHints":{"allow":["GET"]}}],"collection":[{"href":"https:\/\/www.tsnnegrar.it\/index.php\/wp-json\/wp\/v2\/pages"}],"about":[{"href":"https:\/\/www.tsnnegrar.it\/index.php\/wp-json\/wp\/v2\/types\/page"}],"author":[{"embeddable":true,"href":"https:\/\/www.tsnnegrar.it\/index.php\/wp-json\/wp\/v2\/users\/1"}],"replies":[{"embeddable":true,"href":"https:\/\/www.tsnnegrar.it\/index.php\/wp-json\/wp\/v2\/comments?post=443"}],"version-history":[{"count":18,"href":"https:\/\/www.tsnnegrar.it\/index.php\/wp-json\/wp\/v2\/pages\/443\/revisions"}],"predecessor-version":[{"id":3274,"href":"https:\/\/www.tsnnegrar.it\/index.php\/wp-json\/wp\/v2\/pages\/443\/revisions\/3274"}],"wp:attachment":[{"href":"https:\/\/www.tsnnegrar.it\/index.php\/wp-json\/wp\/v2\/media?parent=443"}],"curies":[{"name":"wp","href":"https:\/\/api.w.org\/{rel}","templated":true}]}}

<p class="wp-block-paragraph"><strong>Soggetti Interessati: <em>Navigatori del portale www.tsnnegrar.it</em></strong></p>



<p class="wp-block-paragraph"><strong>Tiro a Segno Nazionale Sezione di Negrar A.S.D.</strong> nella qualità di Titolare del trattamento dei Suoi dati personali, ai sensi e per gli effetti del Regolamento UE 679-2016 di seguito &#8216;GDPR&#8217;, con la presente La informa che la citata normativa prevede la tutela degli interessati rispetto al trattamento dei dati personali e che tale trattamento sarà improntato ai principi di correttezza, liceità, trasparenza e di tutela della Sua riservatezza e dei Suoi diritti.</p>



<p class="wp-block-paragraph">I Suoi dati personali verranno trattati in accordo alle disposizioni legislative della normativa sopra richiamata e degli obblighi di riservatezza ivi previsti.</p>



<p class="wp-block-paragraph"><strong>Finalità e base giuridica del trattamento</strong>: in particolare i Suoi dati saranno utilizzati per le seguenti finalità relative all’esecuzione di misure connesse ad obblighi contrattuali o pre-contrattuali:</p>



<ul class="wp-block-list">
<li>gestione dei cookie necessari per il portale (i cookie tecnici sono indispensabili per il corretto funzionamento del sito e vengono utilizzati al solo scopo di gestire diversi servizi legati al sito stesso, come ad esempio un login).</li>
</ul>



<p class="wp-block-paragraph"><strong>Modalità del trattamento.</strong> I suoi dati personali potranno essere trattati nei seguenti modi:</p>



<ul class="wp-block-list">
<li>a mezzo calcolatori elettronici con utilizzo di sistemi software gestiti da Terzi;</li>



<li>a mezzo calcolatori elettronici con utilizzo di sistemi software gestiti o programmati direttamente.</li>
</ul>



<p class="wp-block-paragraph">Ogni trattamento avviene nel rispetto delle modalità di cui agli artt. 6, 32 del GDPR e mediante l&#8217;adozione delle adeguate misure di sicurezza previste.</p>



<p class="wp-block-paragraph">I suoi dati saranno trattati unicamente da personale espressamente autorizzato dal Titolare ed, in particolare, dalle seguenti categorie di personale autorizzato:</p>



<ul class="wp-block-list">
<li>operatori interni alla gestione del portale web.</li>
</ul>



<p class="wp-block-paragraph"><strong>Comunicazione:</strong> i suoi dati potranno essere comunicati a soggetti esterni per una corretta gestione del rapporto ed in particolare alle seguenti categorie di Destinatari tra cui tutti i Responsabili del Trattamento debitamente nominati:</p>



<ul class="wp-block-list">
<li>provider di servizi web per la gestione e il mantenimento della piattaforma.</li>
</ul>



<p class="wp-block-paragraph"><strong>Diffusione:</strong> <em><u>I suoi dati personali non verranno diffusi in alcun modo.</u></em></p>



<p class="wp-block-paragraph"><strong>Periodo di Conservazione.</strong> Le segnaliamo che, nel rispetto dei principi di liceità, limitazione delle finalità e minimizzazione dei dati, ai sensi dell’art. 5 del GDPR, il periodo di conservazione dei Suoi dati personali è per un tempo non superiore a quello necessario rispetto agli scopi per i quali è stato effettuato il trattamento.</p>



<p class="wp-block-paragraph"><strong>Gestione dei cookie:</strong> nel caso in cui Lei abbia dubbi o preoccupazioni in merito all&#8217;utilizzo dei cookie Le è sempre possibile intervenire per impedirne l&#8217;impostazione e la lettura, ad esempio modificando le impostazioni sulla privacy all&#8217;interno del Suo browser al fine di bloccarne determinati tipi.</p>



<p class="wp-block-paragraph">Poiché ciascun browser, e spesso diverse versioni dello stesso browser, differiscono anche sensibilmente le une dalle altre, se preferisce agire autonomamente mediante le preferenze del Suo browser può trovare informazioni dettagliate sulla procedura necessaria nella guida del Suo browser.</p>



<p class="wp-block-paragraph">Per una panoramica delle modalità di azione per i browser più comuni, può visitare l&#8217;indirizzo <a href="https://www.cookieyes.com/it/">https://www.cookieyes.com/it/</a>.</p>



<p class="wp-block-paragraph">Le società pubblicitarie consentono inoltre di rinunciare alla ricezione di annunci mirati, se lo si desidera. Ciò non impedisce l&#8217;impostazione dei cookie, ma interrompe l&#8217;utilizzo e la raccolta di alcuni dati da parte di tali società.</p>



<p class="wp-block-paragraph">Per maggiori informazioni e possibilità di rinuncia, visitare l&#8217;indirizzo www.youronlinechoices.com/it/.</p>



<p class="wp-block-paragraph"><strong>Titolare:</strong> il Titolare del trattamento dei dati, ai sensi della Legge, è Tiro a Segno Nazionale Sezione di Negrar A.S.D. (Via Osteria Nuova&nbsp; 7, 37024 Negrar di Valpolicella (Vr), C.F. 80024340236 contattabile ai seguenti recapiti e-mail/Pec <a href="mailto:info@tsnnegrar.it">info@tsnnegrar.it</a>, / <a href="mailto:info@pec.tsnnegrar.it">info@pec.tsnnegrar.it</a>) nella persona del legale rappresentante.</p>



<p class="wp-block-paragraph">Lei ha diritto di ottenere dal titolare la cancellazione (diritto all&#8217;oblio), la limitazione, l&#8217;aggiornamento, la rettificazione, la portabilità, l&#8217;opposizione al trattamento dei dati personali che La riguardano, nonché in generale può esercitare tutti i diritti previsti dagli artt. 15, 16, 17, 18, 19, 20, 21, 22 del GDPR.</p>



<p class="wp-block-paragraph">Potrà inoltre visionare in ogni momento la versione aggiornata della presente informativa collegandosi all&#8217;indirizzo internet <a href="https://www.privacylab.it/informativa.php?20726449466">https://www.privacylab.it/informativa.php?20726449466</a>.</p>



<p class="wp-block-paragraph"><strong>Regolamento UE n. 679-2016: Artt. 15, 16, 17, 18, 19, 20, 21, 22 &#8211; Diritti dell&#8217;Interessato</strong></p>



<p class="wp-block-paragraph"><strong>1.</strong> L&#8217;interessato ha diritto di ottenere la conferma dell&#8217;esistenza o meno di dati personali che lo riguardano, anche se non ancora registrati, la loro comunicazione in forma intelligibile e la possibilità di effettuare reclamo presso l’Autorità di controllo.</p>



<p class="wp-block-paragraph"><strong>2.</strong> L&#8217;interessato ha diritto di ottenere l&#8217;indicazione:</p>



<ol style="list-style-type:lower-roman" class="wp-block-list">
<li>dell&#8217;origine dei dati personali;</li>



<li>delle finalità e modalità del trattamento;</li>



<li>della logica applicata in caso di trattamento effettuato con l&#8217;ausilio di strumenti elettronici;</li>



<li>degli estremi identificativi del titolare, dei responsabili e del rappresentante designato ai sensi dell&#8217;articolo 5, comma 2;</li>



<li>dei soggetti o delle categorie di soggetti ai quali i dati personali possono essere comunicati o che possono venirne a conoscenza in qualità di rappresentante designato nel territorio dello Stato, di responsabili o incaricati.</li>
</ol>



<p class="wp-block-paragraph"><strong>3.</strong> L&#8217;interessato ha diritto di ottenere:</p>



<ol style="list-style-type:lower-roman" class="wp-block-list">
<li>l&#8217;aggiornamento, la rettificazione ovvero, quando vi ha interesse, l&#8217;integrazione dei dati;</li>



<li>la cancellazione, la trasformazione in forma anonima o il blocco dei dati trattati in violazione di legge, compresi quelli di cui non è necessaria la conservazione in relazione agli scopi per i quali i dati sono stati raccolti o successivamente trattati;</li>



<li>l&#8217;attestazione che le operazioni di cui alle lettere a) e b) sono state portate a conoscenza, anche per quanto riguarda il loro contenuto, di coloro ai quali i dati sono stati comunicati o diffusi, eccettuato il caso in cui tale adempimento si rivela impossibile o comporta un impiego di mezzi manifestamente sproporzionato rispetto al diritto tutelato;</li>



<li>la portabilità dei dati.</li>
</ol>



<p class="wp-block-paragraph"><strong>4.</strong> L&#8217;interessato ha diritto di opporsi, in tutto o in parte:</p>



<ol style="list-style-type:lower-roman" class="wp-block-list">
<li>per motivi legittimi al trattamento dei dati personali che lo riguardano, ancorché pertinenti allo scopo della raccolta;
<ol class="wp-block-list">
<li>al trattamento di dati personali che lo riguardano a fini di invio di materiale pubblicitario o di vendita diretta o per il compimento di ricerche di mercato o di comunicazione commerciale.</li>
</ol>
</li>
</ol>



<p class="wp-block-paragraph"></p>



<ul class="wp-block-list">
<li><a href="https://www.tsnnegrar.it/wp-content/uploads/2022/11/Regolamento-UITS-attuazione-UE-2016_679.pdf">Regolamento UITS attuazione UE-2016_679</a> | PDF</li>



<li><a href="https://www.tsnnegrar.it/wp-content/uploads/2019/03/UITS-Informativa-Privacy-2018-12.pdf">Informativa UITS <em>ex art. 13 GDPR</em> sul Trattamento dei Dati Personali</a> | PDF</li>
</ul>

<p>Soggetti Interessati: Navigatori del portale www.tsnnegrar.it Tiro a Segno Nazionale Sezione di Negrar A.S.D. nella qualità di Titolare del trattamento dei …</p>
